e d(6). What is the remainder when 58 is divided by u(i)?
18
Let n = -6788 + 6797. Calculate the remainder when 1498 is divided by n.
4
Suppose 210*a - 123*a = 66729. What is the remainder when a is divided by 60?
47
Let f be (1/2)/(((-12)/(-3))/(-48)). Let i be 6/10*(-20)/f. Suppose -26 = -i*l + 2*c, 9 = 3*l + 3*c - 6. What is the remainder when 35 is divided by l?
8
Let t = -1016 + 1020. Calculate the remainder when 309 is divided by t.
1
Let l = 6549 + -6491. Let j = -37 + 89. Let b = -31 + j. What is the remainder when l is divided by b?
16
Suppose 476*g + 4*u = 474*g + 1486, 0 = 4*g + 3*u - 2967. Let d(o) = -12*o - 15. Calculate the remainder when g is divided by d(-9).
90
Suppose -y + 44 = y. Suppose 13052 - 118058 = -86*j. Let i = j - 1167. What is the remainder when i is divided by y?
10
Let y = -23 - -21. Suppose -i + 190 = 4*i. What is the remainder when 113 + (y - (2 + -4)) is divided by i?
37
Let b be ((-862)/(-6))/((-1)/(-30)*5). Suppose -3*v - 1736 = -28*z + 24*z, 0 = 2*z - 3*v - b. What is the remainder when z is divided by 44?
41
Suppose -4*w - 2*w = 0. Suppose 3*n - h - 467 = w, -256 = -4*n + h + 366. Calculate the remainder when n is divided by 51.
2
Let y(f) = 3*f**2 + 5*f + 1. Let v be y(1). Suppose -2*i + v = a - 12, i = 2*a - 57. What is the remainder when a is divided by 8?
3
Let m(i) = 6*i + 2. Let g(l) = l**2 - 2*l - 4. Let t be g(3). Let b be m(t). What is the remainder when 28 is divided by (-32)/b - 6/((-3)/(-1))?
4
Let b = 276 + -267. Suppose 4*h - 83 = -99. Calculate the remainder when (8/(-6))/(h/402) is divided by b.
8
Suppose 6*r = 54*r + 12*r - 73740. Calculate the remainder when r is divided by 138.
125
Let l = 99 - 96. Suppose 2*n - m - 24 = 0, 2*m = -5*n + 4*m + 59. Let y = n + -7. Calculate the remainder when y is divided by l.
1
Suppose -2*n - 106 + 94 = 0, -2*n = 4*r - 384. Let d(h) = 5*h - 3. Calculate the remainder when r is divided by d(6).
18
Let h(q) = 94*q**2 - 27*q + 76. What is the remainder when h(-3) is divided by 32?
11
Let j = 13 - 3. Suppose 0 = 5*s - 10, 2*h + 5*s = 2*s + 120. Let m = h + -18. Calculate the remainder when m is divided by j.
9
Let x be 2/(-6)*(9 + -9). Let u be (-2)/((-2)/8 + x). Calculate the remainder when 12/(3 + (-12)/u) is divided by 8.
0
Let c be 68/18 + 10/45. Suppose -i - 4 = -c. Let x = 12 - i. Calculate the remainder when 23 is divided by x.
11
Suppose 4*o - 2*z - 730 = -70, -2*o - 5*z = -306. What is the remainder when o is divided by 15?
13
Let r(k) = 3*k**2 + 3*k - 2. Let w be r(1). Suppose 0 = -w*h + 182 + 98. What is the remainder when h is divided by 12?
10
Suppose 0 = 5*v + 15, v + 112 = 2*h - h. Let t = -77 + h. Calculate the remainder when t is divided by 17.
15
Let y(f) = 89*f - 688. What is the remainder when y(12) is divided by 125?
5
Suppose j - 45 = -w - 2*w, 3*w + 3*j = 39. Suppose 3*t = 5*a + 23, 0*a = 4*a - 5*t + 21. Let k(c) = -4*c + 46. What is the remainder when k(a) is divided by w?
14
Suppose -2*r + 1906 = -2*f, -58*r + 55*r + 2*f = -2859. What is the remainder when r is divided by 53?
52
Let u(c) = -c**3 - 55*c**2 + 56*c + 29. Calculate the remainder when 203 is divided by u(-56).
0
What is the remainder when 592 is divided by (-114)/133*1015/(-10)?
70
Suppose 615*d - 10562 = -4*n + 616*d, -5*n - 3*d = -13228. Calculate the remainder when n is divided by 23.
20
Let f = -109 - -98. Let t(x) = x**3 + 13*x**2 + 21*x + 3. Calculate the remainder when t(f) is divided by 9.
5
Suppose -4*d + 411 = -d. Let u(v) = 4*v - 2*v**2 - 10*v + 13*v**2 - 5 - v**3. Calculate the remainder when d is divided by u(10).
32
Suppose 48*q = -q + 11*q + 228. Suppose 0 = -7*k + 2*k + 260. What is the remainder when k is divided by q?
4
Let w = 14167 + -11505. Calculate the remainder when w is divided by 48.
22
Suppose -26*j = -43*j + 3247. Let w = j - -102. What is the remainder when w is divided by 49?
48
Suppose 614 = 12*h - 118. Calculate the remainder when 2130/9 - (-4)/(-6) is divided by h.
53
Let b(n) = 17*n**3 - 510*n**2 + 18*n + 13. Calculate the remainder when b(30) is divided by 272.
9
Let f(j) = 3*j**3 + 3*j**3 + j + 3*j**3 - 8*j**3 + 3. What is the remainder when f(4) is divided by 24?
23
Suppose -47*p + 6 = -44*p, -x - 4*p + 599 = 0. What is the remainder when x is divided by 586?
5
Let q(k) be the third derivative of -k**5/60 - 5*k**4/8 - k**3/6 + k**2 + 10. What is the remainder when 69 is divided by q(-12)?
34
Let f = 590 + -572. What is the remainder when (-8180)/(-36) + (-4)/f is divided by 39?
32
Let b(a) = -21*a - 137. What is the remainder when 2631 is divided by b(-8)?
27
Let n = -23708 - -24041. Calculate the remainder when n is divided by 20.
13
What is the remainder when 22 - (-12 - -30) - ((-793 - 0) + -2) is divided by 23?
17
Suppose -4*o + 5*k - 3014 = -5*o, 0 = 3*o - 2*k - 8940. What is the remainder when o is divided by 23?
17
Let f(g) = -2*g + 5. Let c(d) = 3*d - 5. Let v(x) = 7*c(x) + 6*f(x). Let b be v(1). Suppose 8*s = b*s + 192. What is the remainder when s is divided by 14?
6
Let a(v) = -v**2 + 17*v - 30. Let l = 132 + -39. Let w = l + -48. What is the remainder when w is divided by a(14)?
9
Let d = 2316 + -2224. What is the remainder when d is divided by 62?
30
Let x = -255 + 77. Let f = 198 + x. Calculate the remainder when 69 is divided by f.
9
Suppose 0 = -86*y - 150 + 11502. Calculate the remainder when y is divided by 109.
23
Calculate the remainder when 176 is divided by 47 + 9 - (26 + -16).
38
Let q = -31163 + 31360. What is the remainder when 1038 is divided by q?
53
Let o be -2*(-2 - (-109)/(-2)). Suppose 0 = h + 3*h - 4*z - 124, 34 = h - 4*z. What is the remainder when (-1 - -2) + (o - -5) is divided by h?
29
Let c(r) = -210*r - 519. Calculate the remainder when c(-3) is divided by (-574)/(-42) + 1/3.
13
Let g be ((-84)/35 + -4)/((-2)/5). Suppose 19*z - g*z - 249 = 0. Let b = 9 - -8. What is the remainder when z is divided by b?
15
Let f(h) = h**2 - 3*h - 5. Let b be f(5). Suppose 0 = -0*w + w - b. Suppose 4*m = 8, -4*y - 4*m - 343 = -355. Calculate the remainder when w is divided by y.
0
Let a = -340 + 348. Suppose 4*z - 24 - 56 = 0. Let p = z - a. Calculate the remainder when 69 is divided by p.
9
Let f(q) = q**3 + 13*q**2 - 5*q - 45. Calculate the remainder when 748 is divided by f(-13).
8
Suppose -1126 = -19*s + 322 - 251. Calculate the remainder when 14489 is divided by s.
62
Let f(y) = 12*y + 238. Calculate the remainder when (-6)/21 - (-400)/28 is divided by f(-19).
4
Let c(i) = i + 9. Let m = -56 + 56. Suppose -14*k + 434 = -m*k. What is the remainder when k is divided by c(7)?
15
Let t = -2058 - -4682. Calculate the remainder when t is divided by 15.
14
Suppose -17*q - 452 - 75 = 0. Let t(i) = i**3 + 31*i**2 + 28. What is the remainder when t(q) is divided by 3?
1
Suppose u + 0*u = 15. Suppose 8661 = -5*h + 4*b + 9010, 286 = 5*h - b. What is the remainder when h is divided by u?
8
Let k = -4 - -1. Let y(p) be the second derivative of -3*p**5/20 - p**4/6 - p**3/3 + 3*p**2/2 - p + 148. Calculate the remainder when y(k) is divided by 15.
12
Calculate the remainder when 18*100/(-675) - 233/(-3) is divided by 34.
7
Let m be 1 - (10/(-55) + (-42)/11). Suppose -307 = -m*t - 6*k - 45, -k + 52 = t. Calculate the remainder when t is divided by 15.
5
Let r(w) = -6*w**3 - 11*w**2 - 4*w + 1. Let t be r(-2). Let b(n) = n + 25. Calculate the remainder when 54 is divided by b(t).
16
What is the remainder when 500 is divided by (((-3)/10)/((-168)/(-140)))/((-1)/292)?
62
Let b = 42823 - 42809. What is the remainder when 1980 is divided by b?
6
Let l = 69 - 141. Let f = l + 160. Let g(q) = -12*q + 117. What is the remainder when f is divided by g(9)?
7
Let y = -22 + 36. Let u = 7274 + -5819. What is the remainder when u is divided by y?
13
What is the remainder when (20/7)/(500/47250) is divided by 84?
18
Suppose -c + 0*l = 5*l - 21, -5*l - 71 = -c. Calculate the remainder when c is divided by 6.
4
Suppose 0 = 42*z - 72*z + 960. Let v = -4 - -8. Suppose d = 2*l + 15, -5*d + 0*d = -v*l - 63. Calculate the remainder when z is divided by d.
10
Let j = -153 - -177. Calculate the remainder when 37 is divided by 8 - (-4)/(j/30).
11
Let v(r) = r**2 - 5*r - 5. Let c be v(23). What is the remainder when -1*(8 + -5 - c) - 0 is divided by 